{"id":240,"date":"2019-09-10T18:52:07","date_gmt":"2019-09-10T16:52:07","guid":{"rendered":"https:\/\/rittenhofen.wordpress.com\/?page_id=50"},"modified":"2020-06-30T22:38:08","modified_gmt":"2020-06-30T22:38:08","slug":"rittenhofen","status":"publish","type":"page","link":"https:\/\/rittenhofen.de\/?page_id=240","title":{"rendered":"Rittenhofen"},"content":{"rendered":"\n<figure class=\"wp-block-image size-large is-resized\"><img loading=\"lazy\" decoding=\"async\" src=\"http:\/\/rittenhofen.de\/wp-content\/uploads\/2019\/10\/ortsschild.gif?w=128\" alt=\"Ortsschild Rittenhofen\" class=\"wp-image-172\" width=\"164\" height=\"103\"\/><\/figure>\n\n\n\n<figure class=\"wp-block-image size-large is-resized\"><img loading=\"lazy\" decoding=\"async\" src=\"http:\/\/rittenhofen.de\/wp-content\/uploads\/2019\/10\/ri-schmal1.jpg?w=816\" alt=\"Ansicht Rittenhofen\" class=\"wp-image-173\" width=\"688\" height=\"104\" srcset=\"https:\/\/rittenhofen.de\/wp-content\/uploads\/2019\/10\/ri-schmal1.jpg 816w, https:\/\/rittenhofen.de\/wp-content\/uploads\/2019\/10\/ri-schmal1-300x46.jpg 300w, https:\/\/rittenhofen.de\/wp-content\/uploads\/2019\/10\/ri-schmal1-768x117.jpg 768w\" sizes=\"auto, (max-width: 688px) 100vw, 688px\" \/><\/figure>\n\n\n\n<p><br>\nRittenhofen von Westen (Foto: ak)<\/p>\n\n\n\n<p>Das \u201eDorf\u201d<\/p>\n\n\n\n<p>Rittenhofen ist seit 1974 ein Ortsteil im Stadtteil K\u00f6llerbach der\nStadt&nbsp;<a href=\"http:\/\/www.puettlingen.de\/\" target=\"_blank\" rel=\"noreferrer noopener\">P\u00fcttlingen<\/a>. Hier leben und arbeiten ungef\u00e4hr\n800 Menschen in einem Bereich, der heute landwirtschaftlich gepr\u00e4gt ist.<br>\nDies wird besonders in der Rittenhofer Stra\u00dfe deutlich. Viele, zum Teil sehr\nalte Bauernh\u00e4user zeugen von der Geschichte dieses Ortes und markieren zusammen\nmit den vielen liebevoll restaurierten und hergerichteten Wohnh\u00e4usern den\nd\u00f6rflichen Charakter von Rittenhofen.<br>\nRittenhofen wird durch den F\u00f6rderverein \u201eDorf Rittenhofen e. V.\u201d mit \u00fcber 200\nMitgliedern vertreten.<\/p>\n\n\n\n<p>Das Zentrum<\/p>\n\n\n\n<p>Zentrum der d\u00f6rflichen Aktivit\u00e4ten ist das\u00a0<a href=\"http:\/\/rittenhofen.de\/?page_id=61\">Backhaus\u00a0<\/a>in der Rittenhofer Stra\u00dfe 43a, das in der Presse auch als Dorfgemeinschaftshaus bezeichnet wird.<\/p>\n\n\n\n<p>Nostalgische<br>\nBrau- und Brennerei<\/p>\n\n\n\n<p>Daneben gibt es in der Stra\u00dfe \u201eAm Hermesbach\u201d eine weitere Attraktion,\ndie&nbsp;<a href=\"http:\/\/www.brau-brennerei-rittenhofen.de\/\" target=\"_blank\" rel=\"noreferrer noopener\">\u201eNostalgische Brau- und Brennerei&#8220;<\/a>. In\nden R\u00e4umen der ehemaligen Milchsammelstelle haben Harald Baldauf und Heinz\nBaldauf ein Schnapsmuseum eingerichtet. Die beiden Besitzer, die nicht verwandt\nsind, eint die Liebe zur Geschichte des K\u00f6llertals. Seit dem Juli 2008 wird\nhier das \u201eRittenhofer Dorfbr\u00e4u\u201d&nbsp;<a href=\"http:\/\/www.saarbruecker-zeitung.de\/sz-berichte\/koellertal\/;art4784,2466982,0\" target=\"_blank\" rel=\"noreferrer noopener\">(s. Saarbr\u00fccker Zeitung)<\/a>&nbsp;ausgeschenkt,\ndenn die ideenreichen Baldaufs haben mittlerweile eine Brauerei eingebaut, die\nKonzessionen eingeholt und mit Gianni Chessari einen Braumeister gefunden &#8211;\nobwohl die Reihenfolge wohl irgendwie anders war.<\/p>\n\n\n\n<figure class=\"wp-block-image size-large is-resized\"><img loading=\"lazy\" decoding=\"async\" src=\"http:\/\/rittenhofen.de\/wp-content\/uploads\/2019\/10\/nbb_logo_klein.jpg?w=100\" alt=\"Logo Nostalgische Brau- und Brennerei\" class=\"wp-image-174\" width=\"194\" height=\"194\"\/><\/figure>\n\n\n\n<p><a href=\"http:\/\/www.brau-brennerei-rittenhofen.de\/\" target=\"_blank\" rel=\"noreferrer noopener\"><\/a><\/p>\n\n\n\n<p>Dorfwettbewerb<\/p>\n\n\n\n<p>Rittenhofen hat sich nach langer Vorbereitung dem Wettbewerb gestellt. \u201eUnser Dorf hat Zukunft\u201d ist der Wettbewerb um das \u201ed\u00f6rflichste\u201d Dorf. Der Verein hat sich dabei selbst \u00fcbertroffen, war 2008 in der Presse zu lesen, die Jury war stark beeindruckt.<br> Aber das \u201eDorf Rittenhofen\u201d ist nun mal kein Dorf, sondern nur ein Ortsteil &#8211; schade. Wie auch immer, die\u00a0schriftliche Pr\u00e4sentation\u00a0ist sehenswert.<br> \u00a0<\/p>\n\n\n\n<figure class=\"wp-block-image size-large\"><img loading=\"lazy\" decoding=\"async\" width=\"816\" height=\"174\" src=\"http:\/\/rittenhofen.de\/wp-content\/uploads\/2019\/10\/ri-schmal2.jpg?w=816\" alt=\"Ansicht Rittenhofen 2\" class=\"wp-image-175\" srcset=\"https:\/\/rittenhofen.de\/wp-content\/uploads\/2019\/10\/ri-schmal2.jpg 816w, https:\/\/rittenhofen.de\/wp-content\/uploads\/2019\/10\/ri-schmal2-300x64.jpg 300w, https:\/\/rittenhofen.de\/wp-content\/uploads\/2019\/10\/ri-schmal2-768x164.jpg 768w\" sizes=\"auto, (max-width: 816px) 100vw, 816px\" \/><\/figure>\n\n\n\n<p>Rittenhofen von S\u00fcdwesten (Foto: ak)&nbsp;<\/p>\n\n\n\n<p><\/p>\n\n\n\n<p>Die Gemarkung Rittenhofen<\/p>\n\n\n\n<figure class=\"wp-block-image size-large\"><img loading=\"lazy\" decoding=\"async\" width=\"700\" height=\"650\" src=\"http:\/\/rittenhofen.de\/wp-content\/uploads\/2019\/10\/ri-luftbild.jpg?w=700\" alt=\"\" class=\"wp-image-180\" srcset=\"https:\/\/rittenhofen.de\/wp-content\/uploads\/2019\/10\/ri-luftbild.jpg 700w, https:\/\/rittenhofen.de\/wp-content\/uploads\/2019\/10\/ri-luftbild-300x279.jpg 300w\" sizes=\"auto, (max-width: 700px) 100vw, 700px\" \/><figcaption>http:\/\/www.lkvk.saarland.de\/<\/figcaption><\/figure>\n\n\n\n<p>\u00a9 2019 F\u00f6rderverein \u201eDorf Rittenhofen e.V.\u201d<\/p>\n","protected":false},"excerpt":{"rendered":"<p>Rittenhofen von Westen (Foto: ak) Das \u201eDorf\u201d Rittenhofen ist seit 1974 ein Ortsteil im Stadtteil K\u00f6llerbach der Stadt&nbsp;P\u00fcttlingen. Hier leben und arbeiten ungef\u00e4hr 800 Menschen in einem Bereich, der heute landwirtschaftlich gepr\u00e4gt ist. Dies wird besonders in der Rittenhofer Stra\u00dfe deutlich. Viele, zum Teil sehr alte Bauernh\u00e4user zeugen von der Geschichte dieses Ortes und markieren&hellip; <a href=\"https:\/\/rittenhofen.de\/?page_id=240\" class=\"more-link\">Weiterlesen <span class=\"screen-reader-text\">Rittenhofen<\/span><\/a><\/p>\n","protected":false},"author":1,"featured_media":0,"parent":0,"menu_order":0,"comment_status":"closed","ping_status":"closed","template":"","meta":{"footnotes":""},"tags":[],"class_list":["post-240","page","type-page","status-publish","hentry","without-featured-image"],"jetpack_sharing_enabled":true,"_links":{"self":[{"href":"https:\/\/rittenhofen.de\/index.php?rest_route=\/wp\/v2\/pages\/240","targetHints":{"allow":["GET"]}}],"collection":[{"href":"https:\/\/rittenhofen.de\/index.php?rest_route=\/wp\/v2\/pages"}],"about":[{"href":"https:\/\/rittenhofen.de\/index.php?rest_route=\/wp\/v2\/types\/page"}],"author":[{"embeddable":true,"href":"https:\/\/rittenhofen.de\/index.php?rest_route=\/wp\/v2\/users\/1"}],"replies":[{"embeddable":true,"href":"https:\/\/rittenhofen.de\/index.php?rest_route=%2Fwp%2Fv2%2Fcomments&post=240"}],"version-history":[{"count":1,"href":"https:\/\/rittenhofen.de\/index.php?rest_route=\/wp\/v2\/pages\/240\/revisions"}],"predecessor-version":[{"id":280,"href":"https:\/\/rittenhofen.de\/index.php?rest_route=\/wp\/v2\/pages\/240\/revisions\/280"}],"wp:attachment":[{"href":"https:\/\/rittenhofen.de\/index.php?rest_route=%2Fwp%2Fv2%2Fmedia&parent=240"}],"wp:term":[{"taxonomy":"post_tag","embeddable":true,"href":"https:\/\/rittenhofen.de\/index.php?rest_route=%2Fwp%2Fv2%2Ftags&post=240"}],"curies":[{"name":"wp","href":"https:\/\/api.w.org\/{rel}","templated":true}]}}